{"id":43,"date":"2007-01-28T22:44:37","date_gmt":"2007-01-28T21:44:37","guid":{"rendered":"http:\/\/boogie-alligators.de\/?page_id=43"},"modified":"2026-01-18T19:22:41","modified_gmt":"2026-01-18T18:22:41","slug":"alligators-i","status":"publish","type":"page","link":"https:\/\/boogie-alligators.de\/wordpress\/alligators-i\/","title":{"rendered":"Training"},"content":{"rendered":"<p>Boogie Woogie ist ein Tanz f\u00fcr jede Altersgruppe. Unsere Paare sind zwischen 20 und 70 Jahre alt \u2013 von blutigen Anf\u00e4ngern bis hin zu echten Profis sind alle Niveaus vertreten.<\/p>\n<p><a href=\"http:\/\/boogie-alligators.de\/wordpress\/wp-content\/uploads\/Workshop-Nov2008-_29_.jpg\"><img loading=\"lazy\" decoding=\"async\" class=\"alignleft size-medium wp-image-2083\" src=\"http:\/\/boogie-alligators.de\/wordpress\/wp-content\/uploads\/Workshop-Nov2008-_29_-300x199.jpg\" alt=\"Workshop Nov2008 _29_\" width=\"300\" height=\"199\" srcset=\"https:\/\/boogie-alligators.de\/wordpress\/wp-content\/uploads\/Workshop-Nov2008-_29_-300x199.jpg 300w, https:\/\/boogie-alligators.de\/wordpress\/wp-content\/uploads\/Workshop-Nov2008-_29_.jpg 1024w\" sizes=\"auto, (max-width: 300px) 100vw, 300px\" \/><\/a>Wir trainieren gemeinsam, so dass die Anf\u00e4nger sich viel von den \u201ealten Hasen abschauen k\u00f6nnen\u201c. Doch auch die Profis lernen immer wieder dazu: Regelm\u00e4\u00dfig kommen neue Schrittkombinationen hinzu, die so lange ge\u00fcbt werden, bis die F\u00fc\u00dfe sich fast von alleine bewegen.<\/p>\n<p>Also habt keine Scheu und kommt einfach mal zum Probetraining vorbei.<\/p>\n<p><strong>Wir trainieren:<br \/>\nmontags von 19:00 bis 21:30 Uhr<br \/>\n<\/strong><strong>im<br \/>\nHeisenberg Gymnasium\u00a0 &#8211;\u00a0 Seminarraum neue Sporthalle<br \/>\nPreu\u00dfische Str. 219<br \/>\n44339 Dortmund Eving <\/strong><\/p>\n<p><strong>Bei sch\u00f6nem Wetter<\/strong> bieten Susanne&#038;J\u00fcrgen mittwochs von 19:00 bis 22:00 Uhr ein freies offenes Training im BoogieStall an.<br \/>\nDie Adresse ist Wulfskamp 68 in 44339 Dortmund Brechten.<br \/>\nDie Termine stehen dann jeweils rechtzeitig in unserem <a href=\"https:\/\/boogie-alligators.de\/wordpress\/alligators-kalender\/\">Kalender<\/a>.<\/p>\n<p>Alle, die gerne mal reinschnuppern m\u00f6chten, sind herzlich eingeladen, uns beim Training zu besuchen.<\/p>\n<p>Wenn ihr Fragen habt oder euch f\u00fcr ein Probetraining anmelden wollt, meldet euch einfach per E-Mail bei J\u00fcrgen&amp;Susanne unter der Adresse <a href=\"mailto:mail@boogie-alligators.de \"> mail@boogie-alligators.de. <\/a><\/p>\n","protected":false},"excerpt":{"rendered":"<p>Boogie Woogie ist ein Tanz f\u00fcr jede Altersgruppe. Unsere Paare sind zwischen 20 und 70 Jahre alt \u2013 von blutigen Anf\u00e4ngern bis hin zu echten Profis sind alle Niveaus vertreten. Wir trainieren gemeinsam, so dass die Anf\u00e4nger sich viel von den \u201ealten Hasen abschauen k\u00f6nnen\u201c. Doch auch die Profis lernen immer wieder dazu: Regelm\u00e4\u00dfig kommen [&hellip;]<\/p>\n","protected":false},"author":11,"featured_media":0,"parent":0,"menu_order":2,"comment_status":"closed","ping_status":"closed","template":"","meta":{"footnotes":""},"class_list":["post-43","page","type-page","status-publish","hentry"],"_links":{"self":[{"href":"https:\/\/boogie-alligators.de\/wordpress\/wp-json\/wp\/v2\/pages\/43","targetHints":{"allow":["GET"]}}],"collection":[{"href":"https:\/\/boogie-alligators.de\/wordpress\/wp-json\/wp\/v2\/pages"}],"about":[{"href":"https:\/\/boogie-alligators.de\/wordpress\/wp-json\/wp\/v2\/types\/page"}],"author":[{"embeddable":true,"href":"https:\/\/boogie-alligators.de\/wordpress\/wp-json\/wp\/v2\/users\/11"}],"replies":[{"embeddable":true,"href":"https:\/\/boogie-alligators.de\/wordpress\/wp-json\/wp\/v2\/comments?post=43"}],"version-history":[{"count":59,"href":"https:\/\/boogie-alligators.de\/wordpress\/wp-json\/wp\/v2\/pages\/43\/revisions"}],"predecessor-version":[{"id":3139,"href":"https:\/\/boogie-alligators.de\/wordpress\/wp-json\/wp\/v2\/pages\/43\/revisions\/3139"}],"wp:attachment":[{"href":"https:\/\/boogie-alligators.de\/wordpress\/wp-json\/wp\/v2\/media?parent=43"}],"curies":[{"name":"wp","href":"https:\/\/api.w.org\/{rel}","templated":true}]}}